{"id":528,"date":"2022-05-09T15:22:38","date_gmt":"2022-05-09T15:22:38","guid":{"rendered":"https:\/\/cohabitarcarpediem.uy\/coop\/?page_id=528"},"modified":"2025-02-24T13:51:45","modified_gmt":"2025-02-24T13:51:45","slug":"localizacion","status":"publish","type":"page","link":"https:\/\/cohabitarcarpediem.uy\/coop\/localizacion\/","title":{"rendered":"Localizaci\u00f3n"},"content":{"rendered":"\t\t<div data-elementor-type=\"wp-page\" data-elementor-id=\"528\" class=\"elementor elementor-528\">\n\t\t\t\t\t\t<section class=\"elementor-section elementor-top-section elementor-element elementor-element-79972128 elementor-section-stretched elementor-section-full_width elementor-section-height-default elementor-section-height-default\" data-id=\"79972128\" data-element_type=\"section\" data-e-type=\"section\" data-settings=\"{&quot;stretch_section&quot;:&quot;section-stretched&quot;,&quot;background_background&quot;:&quot;classic&quot;}\">\n\t\t\t\t\t\t<div class=\"elementor-container elementor-column-gap-default\">\n\t\t\t\t\t<div class=\"elementor-column elementor-col-100 elementor-top-column elementor-element elementor-element-72dcd05f\" data-id=\"72dcd05f\" data-element_type=\"column\" data-e-type=\"column\">\n\t\t\t<div class=\"elementor-widget-wrap elementor-element-populated\">\n\t\t\t\t\t\t<div class=\"elementor-element elementor-element-493532a6 elementor-widget__width-initial elementor-widget elementor-widget-text-editor\" data-id=\"493532a6\" data-element_type=\"widget\" data-e-type=\"widget\" data-widget_type=\"text-editor.default\">\n\t\t\t\t<div class=\"elementor-widget-container\">\n\t\t\t\t\t\t\t\t\t<p>Luego de una profusa b\u00fasqueda de terrenos con las condiciones que nos hab\u00edamos fijado (distancia de Montevideo menor a 40 km, buen acceso, servicios y transporte y superficie m\u00ednima), y de un di\u00e1logo permanente con la Intendencia de Montevideo, <b>en diciembre de 2023 firmamos la escritura del terreno sito en Avda Luis Battle Berres 9820.<\/b><\/p><p>Se trata de un predio de 6,8 ha que nos permitir\u00e1 estar cerquita de nuestros afectos y de servicios y vivir en \u201darmon\u00eda con la naturaleza\u201d como se\u00f1ala nuestra consigna. Consta de un \u00e1rea arbolada de varias especies ex\u00f3ticas y nativas que se constituir\u00e1 en un hermoso parque, y un \u00e1rea de pradera que podr\u00e1 habilitar a varios usos (pradera permanente, cultivo de especies forrajeras, espacio deportivo, entre otros).<\/p><p>Nuestros vecinos son Aldeas Infantiles, el Parque Lecocq y viviendas particulares de la Calle Albatros, con quienes esperamos estrechar v\u00ednculos sociales virtuosos. Adem\u00e1s estamos a unos 2000 m del Pueblo de Santiago V\u00e1zquez y el R\u00edo Santa Luc\u00eda que ofrece varios espacios interesantes donde seguramente nos integraremos y enriqueceremos.<\/p><p>En febrero de este a\u00f1o comenzamos el acondicionamiento del terreno y en mayo comenzamos el co-dise\u00f1o del proyecto arquitect\u00f3nico que esperamos terminar en diciembre de este a\u00f1o, junto a un equipo t\u00e9cnico multidisciplinario.<\/p><p>Esperamos poder comenzar con el acondicionamiento del terreno y el proyecto arquitect\u00f3nico final en el primer semestre del 2024.<\/p>\t\t\t\t\t\t\t\t<\/div>\n\t\t\t\t<\/div>\n\t\t\t\t\t<\/div>\n\t\t<\/div>\n\t\t\t\t\t<\/div>\n\t\t<\/section>\n\t\t\t\t<section class=\"elementor-section elementor-top-section elementor-element elementor-element-4dbbe54 elementor-section-full_width elementor-section-content-middle elementor-section-stretched elementor-section-height-default elementor-section-height-default\" data-id=\"4dbbe54\" data-element_type=\"section\" data-e-type=\"section\" data-settings=\"{&quot;stretch_section&quot;:&quot;section-stretched&quot;,&quot;background_background&quot;:&quot;classic&quot;}\">\n\t\t\t\t\t\t<div class=\"elementor-container elementor-column-gap-default\">\n\t\t\t\t\t<div class=\"elementor-column elementor-col-100 elementor-top-column elementor-element elementor-element-5107fc8\" data-id=\"5107fc8\" data-element_type=\"column\" data-e-type=\"column\">\n\t\t\t<div class=\"elementor-widget-wrap elementor-element-populated\">\n\t\t\t\t\t\t<section class=\"elementor-section elementor-inner-section elementor-element elementor-element-cc96872 elementor-section-boxed elementor-section-height-default elementor-section-height-default\" data-id=\"cc96872\" data-element_type=\"section\" data-e-type=\"section\">\n\t\t\t\t\t\t<div class=\"elementor-container elementor-column-gap-default\">\n\t\t\t\t\t<div class=\"elementor-column elementor-col-50 elementor-inner-column elementor-element elementor-element-28e6dbd\" data-id=\"28e6dbd\" data-element_type=\"column\" data-e-type=\"column\">\n\t\t\t<div class=\"elementor-widget-wrap elementor-element-populated\">\n\t\t\t\t\t\t<div class=\"elementor-element elementor-element-09c53f8 elementor-widget elementor-widget-image\" data-id=\"09c53f8\" data-element_type=\"widget\" data-e-type=\"widget\" data-widget_type=\"image.default\">\n\t\t\t\t<div class=\"elementor-widget-container\">\n\t\t\t\t\t\t\t\t\t\t\t\t\t\t\t<img fetchpriority=\"high\" decoding=\"async\" width=\"900\" height=\"490\" src=\"https:\/\/cohabitarcarpediem.uy\/coop\/wp-content\/uploads\/2023\/07\/12.png\" class=\"attachment-full size-full wp-image-1875\" alt=\"\" srcset=\"https:\/\/cohabitarcarpediem.uy\/coop\/wp-content\/uploads\/2023\/07\/12.png 900w, https:\/\/cohabitarcarpediem.uy\/coop\/wp-content\/uploads\/2023\/07\/12-551x300.png 551w, https:\/\/cohabitarcarpediem.uy\/coop\/wp-content\/uploads\/2023\/07\/12-768x418.png 768w\" sizes=\"(max-width: 900px) 100vw, 900px\" \/>\t\t\t\t\t\t\t\t\t\t\t\t\t\t\t<\/div>\n\t\t\t\t<\/div>\n\t\t\t\t<div class=\"elementor-element elementor-element-cc5bde9 elementor-widget elementor-widget-google_maps\" data-id=\"cc5bde9\" data-element_type=\"widget\" data-e-type=\"widget\" data-widget_type=\"google_maps.default\">\n\t\t\t\t<div class=\"elementor-widget-container\">\n\t\t\t\t\t\t\t<div class=\"elementor-custom-embed\">\n\t\t\t<iframe loading=\"lazy\"\n\t\t\t\t\tsrc=\"https:\/\/maps.google.com\/maps?q=Avda%20Luis%20Battle%20Berres%209820&#038;t=m&#038;z=16&#038;output=embed&#038;iwloc=near\"\n\t\t\t\t\ttitle=\"Avda Luis Battle Berres 9820\"\n\t\t\t\t\taria-label=\"Avda Luis Battle Berres 9820\"\n\t\t\t><\/iframe>\n\t\t<\/div>\n\t\t\t\t\t\t<\/div>\n\t\t\t\t<\/div>\n\t\t\t\t\t<\/div>\n\t\t<\/div>\n\t\t\t\t<div class=\"elementor-column elementor-col-50 elementor-inner-column elementor-element elementor-element-96379ed\" data-id=\"96379ed\" data-element_type=\"column\" data-e-type=\"column\">\n\t\t\t<div class=\"elementor-widget-wrap elementor-element-populated\">\n\t\t\t\t\t\t<div class=\"elementor-element elementor-element-72a75a8 elementor-widget__width-initial elementor-widget elementor-widget-video\" data-id=\"72a75a8\" data-element_type=\"widget\" data-e-type=\"widget\" data-settings=\"{&quot;loop&quot;:&quot;yes&quot;,&quot;video_type&quot;:&quot;vimeo&quot;}\" data-widget_type=\"video.default\">\n\t\t\t\t<div class=\"elementor-widget-container\">\n\t\t\t\t\t\t\t<div class=\"elementor-wrapper elementor-open-inline\">\n\t\t\t<iframe class=\"elementor-video-iframe\" allowfullscreen allow=\"clipboard-write\" title=\"Reproductor de v\u00eddeo vimeo\" src=\"https:\/\/player.vimeo.com\/video\/1059272820?color&amp;autopause=0&amp;loop=1&amp;muted=0&amp;title=1&amp;portrait=1&amp;byline=1&amp;h=1288ee924c#t=\"><\/iframe>\t\t<\/div>\n\t\t\t\t\t\t<\/div>\n\t\t\t\t<\/div>\n\t\t\t\t\t<\/div>\n\t\t<\/div>\n\t\t\t\t\t<\/div>\n\t\t<\/section>\n\t\t\t\t\t<\/div>\n\t\t<\/div>\n\t\t\t\t\t<\/div>\n\t\t<\/section>\n\t\t\t\t<section class=\"elementor-section elementor-top-section elementor-element elementor-element-42f917f elementor-section-full_width elementor-section-content-middle elementor-section-stretched elementor-section-height-default elementor-section-height-default\" data-id=\"42f917f\" data-element_type=\"section\" data-e-type=\"section\" data-settings=\"{&quot;stretch_section&quot;:&quot;section-stretched&quot;}\">\n\t\t\t\t\t\t<div class=\"elementor-container elementor-column-gap-default\">\n\t\t\t\t\t<div class=\"elementor-column elementor-col-100 elementor-top-column elementor-element elementor-element-4723f30\" data-id=\"4723f30\" data-element_type=\"column\" data-e-type=\"column\">\n\t\t\t<div class=\"elementor-widget-wrap elementor-element-populated\">\n\t\t\t\t\t\t<section class=\"elementor-section elementor-inner-section elementor-element elementor-element-27ffa2f elementor-section-boxed elementor-section-height-default elementor-section-height-default\" data-id=\"27ffa2f\" data-element_type=\"section\" data-e-type=\"section\" data-settings=\"{&quot;background_background&quot;:&quot;classic&quot;}\">\n\t\t\t\t\t\t<div class=\"elementor-container elementor-column-gap-default\">\n\t\t\t\t\t<div class=\"elementor-column elementor-col-100 elementor-inner-column elementor-element elementor-element-3147c42\" data-id=\"3147c42\" data-element_type=\"column\" data-e-type=\"column\">\n\t\t\t<div class=\"elementor-widget-wrap elementor-element-populated\">\n\t\t\t\t\t\t<div class=\"elementor-element elementor-element-86b4b59 elementor-widget__width-initial elementor-widget elementor-widget-video\" data-id=\"86b4b59\" data-element_type=\"widget\" data-e-type=\"widget\" data-settings=\"{&quot;youtube_url&quot;:&quot;https:\\\/\\\/youtu.be\\\/um4sWwAdQmQ&quot;,&quot;loop&quot;:&quot;yes&quot;,&quot;video_type&quot;:&quot;youtube&quot;,&quot;controls&quot;:&quot;yes&quot;}\" data-widget_type=\"video.default\">\n\t\t\t\t<div class=\"elementor-widget-container\">\n\t\t\t\t\t\t\t<div class=\"elementor-wrapper elementor-open-inline\">\n\t\t\t<div class=\"elementor-video\"><\/div>\t\t<\/div>\n\t\t\t\t\t\t<\/div>\n\t\t\t\t<\/div>\n\t\t\t\t\t<\/div>\n\t\t<\/div>\n\t\t\t\t\t<\/div>\n\t\t<\/section>\n\t\t\t\t\t<\/div>\n\t\t<\/div>\n\t\t\t\t\t<\/div>\n\t\t<\/section>\n\t\t\t\t<\/div>\n\t\t","protected":false},"excerpt":{"rendered":"<p>Luego de una profusa b\u00fasqueda de terrenos con las condiciones que nos hab\u00edamos fijado (distancia de Montevideo menor a 40 km, buen acceso, servicios y transporte y superficie m\u00ednima), y de un di\u00e1logo permanente con la Intendencia de Montevideo, en diciembre de 2023 firmamos la escritura del terreno sito en Avda Luis Battle Berres 9820. [&hellip;]<\/p>\n","protected":false},"author":1,"featured_media":0,"parent":0,"menu_order":0,"comment_status":"closed","ping_status":"closed","template":"elementor_header_footer","meta":{"footnotes":""},"class_list":["post-528","page","type-page","status-publish","hentry"],"_links":{"self":[{"href":"https:\/\/cohabitarcarpediem.uy\/coop\/wp-json\/wp\/v2\/pages\/528","targetHints":{"allow":["GET"]}}],"collection":[{"href":"https:\/\/cohabitarcarpediem.uy\/coop\/wp-json\/wp\/v2\/pages"}],"about":[{"href":"https:\/\/cohabitarcarpediem.uy\/coop\/wp-json\/wp\/v2\/types\/page"}],"author":[{"embeddable":true,"href":"https:\/\/cohabitarcarpediem.uy\/coop\/wp-json\/wp\/v2\/users\/1"}],"replies":[{"embeddable":true,"href":"https:\/\/cohabitarcarpediem.uy\/coop\/wp-json\/wp\/v2\/comments?post=528"}],"version-history":[{"count":256,"href":"https:\/\/cohabitarcarpediem.uy\/coop\/wp-json\/wp\/v2\/pages\/528\/revisions"}],"predecessor-version":[{"id":3361,"href":"https:\/\/cohabitarcarpediem.uy\/coop\/wp-json\/wp\/v2\/pages\/528\/revisions\/3361"}],"wp:attachment":[{"href":"https:\/\/cohabitarcarpediem.uy\/coop\/wp-json\/wp\/v2\/media?parent=528"}],"curies":[{"name":"wp","href":"https:\/\/api.w.org\/{rel}","templated":true}]}}

Localización

<div data-elementor-type="wp-page" data-elementor-id="528" class="elementor elementor-528">
						<section class="elementor-section elementor-top-section elementor-element elementor-element-79972128 elementor-section-stretched elementor-section-full_width elementor-section-height-default elementor-section-height-default" data-id="79972128" data-element_type="section" data-e-type="section" data-settings="{&quot;stretch_section&quot;:&quot;section-stretched&quot;,&quot;background_background&quot;:&quot;classic&quot;}">
						<div class="elementor-container elementor-column-gap-default">
					<div class="elementor-column elementor-col-100 elementor-top-column elementor-element elementor-element-72dcd05f" data-id="72dcd05f" data-element_type="column" data-e-type="column">
			<div class="elementor-widget-wrap elementor-element-populated">
						<div class="elementor-element elementor-element-493532a6 elementor-widget__width-initial elementor-widget elementor-widget-text-editor" data-id="493532a6" data-element_type="widget" data-e-type="widget" data-widget_type="text-editor.default">
				<div class="elementor-widget-container">
									<p>Luego de una profusa búsqueda de terrenos con las condiciones que nos habíamos fijado (distancia de Montevideo menor a 40 km, buen acceso, servicios y transporte y superficie mínima), y de un diálogo permanente con la Intendencia de Montevideo, <b>en diciembre de 2023 firmamos la escritura del terreno sito en Avda Luis Battle Berres 9820.</b></p><p>Se trata de un predio de 6,8 ha que nos permitirá estar cerquita de nuestros afectos y de servicios y vivir en ”armonía con la naturaleza” como señala nuestra consigna. Consta de un área arbolada de varias especies exóticas y nativas que se constituirá en un hermoso parque, y un área de pradera que podrá habilitar a varios usos (pradera permanente, cultivo de especies forrajeras, espacio deportivo, entre otros).</p><p>Nuestros vecinos son Aldeas Infantiles, el Parque Lecocq y viviendas particulares de la Calle Albatros, con quienes esperamos estrechar vínculos sociales virtuosos. Además estamos a unos 2000 m del Pueblo de Santiago Vázquez y el Río Santa Lucía que ofrece varios espacios interesantes donde seguramente nos integraremos y enriqueceremos.</p><p>En febrero de este año comenzamos el acondicionamiento del terreno y en mayo comenzamos el co-diseño del proyecto arquitectónico que esperamos terminar en diciembre de este año, junto a un equipo técnico multidisciplinario.</p><p>Esperamos poder comenzar con el acondicionamiento del terreno y el proyecto arquitectónico final en el primer semestre del 2024.</p>								</div>
				</div>
					</div>
		</div>
					</div>
		</section>
				<section class="elementor-section elementor-top-section elementor-element elementor-element-4dbbe54 elementor-section-full_width elementor-section-content-middle elementor-section-stretched elementor-section-height-default elementor-section-height-default" data-id="4dbbe54" data-element_type="section" data-e-type="section" data-settings="{&quot;stretch_section&quot;:&quot;section-stretched&quot;,&quot;background_background&quot;:&quot;classic&quot;}">
						<div class="elementor-container elementor-column-gap-default">
					<div class="elementor-column elementor-col-100 elementor-top-column elementor-element elementor-element-5107fc8" data-id="5107fc8" data-element_type="column" data-e-type="column">
			<div class="elementor-widget-wrap elementor-element-populated">
						<section class="elementor-section elementor-inner-section elementor-element elementor-element-cc96872 elementor-section-boxed elementor-section-height-default elementor-section-height-default" data-id="cc96872" data-element_type="section" data-e-type="section">
						<div class="elementor-container elementor-column-gap-default">
					<div class="elementor-column elementor-col-50 elementor-inner-column elementor-element elementor-element-28e6dbd" data-id="28e6dbd" data-element_type="column" data-e-type="column">
			<div class="elementor-widget-wrap elementor-element-populated">
						<div class="elementor-element elementor-element-09c53f8 elementor-widget elementor-widget-image" data-id="09c53f8" data-element_type="widget" data-e-type="widget" data-widget_type="image.default">
				<div class="elementor-widget-container">
															<img fetchpriority="high" decoding="async" width="900" height="490" src="https://cohabitarcarpediem.uy/coop/wp-content/uploads/2023/07/12.png" class="attachment-full size-full wp-image-1875" alt="" srcset="https://cohabitarcarpediem.uy/coop/wp-content/uploads/2023/07/12.png 900w, https://cohabitarcarpediem.uy/coop/wp-content/uploads/2023/07/12-551x300.png 551w, https://cohabitarcarpediem.uy/coop/wp-content/uploads/2023/07/12-768x418.png 768w" sizes="(max-width: 900px) 100vw, 900px" />															</div>
				</div>
				<div class="elementor-element elementor-element-cc5bde9 elementor-widget elementor-widget-google_maps" data-id="cc5bde9" data-element_type="widget" data-e-type="widget" data-widget_type="google_maps.default">
				<div class="elementor-widget-container">
							<div class="elementor-custom-embed">
			<iframe loading="lazy"
					src="https://maps.google.com/maps?q=Avda%20Luis%20Battle%20Berres%209820&#038;t=m&#038;z=16&#038;output=embed&#038;iwloc=near"
					title="Avda Luis Battle Berres 9820"
					aria-label="Avda Luis Battle Berres 9820"
			></iframe>
		</div>
						</div>
				</div>
					</div>
		</div>
				<div class="elementor-column elementor-col-50 elementor-inner-column elementor-element elementor-element-96379ed" data-id="96379ed" data-element_type="column" data-e-type="column">
			<div class="elementor-widget-wrap elementor-element-populated">
						<div class="elementor-element elementor-element-72a75a8 elementor-widget__width-initial elementor-widget elementor-widget-video" data-id="72a75a8" data-element_type="widget" data-e-type="widget" data-settings="{&quot;loop&quot;:&quot;yes&quot;,&quot;video_type&quot;:&quot;vimeo&quot;}" data-widget_type="video.default">
				<div class="elementor-widget-container">
							<div class="elementor-wrapper elementor-open-inline">
			<iframe class="elementor-video-iframe" allowfullscreen allow="clipboard-write" title="Reproductor de vídeo vimeo" src="https://player.vimeo.com/video/1059272820?color&amp;autopause=0&amp;loop=1&amp;muted=0&amp;title=1&amp;portrait=1&amp;byline=1&amp;h=1288ee924c#t="></iframe>		</div>
						</div>
				</div>
					</div>
		</div>
					</div>
		</section>
					</div>
		</div>
					</div>
		</section>
				<section class="elementor-section elementor-top-section elementor-element elementor-element-42f917f elementor-section-full_width elementor-section-content-middle elementor-section-stretched elementor-section-height-default elementor-section-height-default" data-id="42f917f" data-element_type="section" data-e-type="section" data-settings="{&quot;stretch_section&quot;:&quot;section-stretched&quot;}">
						<div class="elementor-container elementor-column-gap-default">
					<div class="elementor-column elementor-col-100 elementor-top-column elementor-element elementor-element-4723f30" data-id="4723f30" data-element_type="column" data-e-type="column">
			<div class="elementor-widget-wrap elementor-element-populated">
						<section class="elementor-section elementor-inner-section elementor-element elementor-element-27ffa2f elementor-section-boxed elementor-section-height-default elementor-section-height-default" data-id="27ffa2f" data-element_type="section" data-e-type="section" data-settings="{&quot;background_background&quot;:&quot;classic&quot;}">
						<div class="elementor-container elementor-column-gap-default">
					<div class="elementor-column elementor-col-100 elementor-inner-column elementor-element elementor-element-3147c42" data-id="3147c42" data-element_type="column" data-e-type="column">
			<div class="elementor-widget-wrap elementor-element-populated">
						<div class="elementor-element elementor-element-86b4b59 elementor-widget__width-initial elementor-widget elementor-widget-video" data-id="86b4b59" data-element_type="widget" data-e-type="widget" data-settings="{&quot;youtube_url&quot;:&quot;https:\/\/youtu.be\/um4sWwAdQmQ&quot;,&quot;loop&quot;:&quot;yes&quot;,&quot;video_type&quot;:&quot;youtube&quot;,&quot;controls&quot;:&quot;yes&quot;}" data-widget_type="video.default">
				<div class="elementor-widget-container">
							<div class="elementor-wrapper elementor-open-inline">
			<div class="elementor-video"></div>		</div>
						</div>
				</div>
					</div>
		</div>
					</div>
		</section>
					</div>
		</div>
					</div>
		</section>
				</div>

<p>Luego de una profusa búsqueda de terrenos con las condiciones que nos habíamos fijado (distancia de Montevideo menor a 40 km, buen acceso, servicios y transporte y superficie mínima), y de un diálogo permanente con la Intendencia de Montevideo, en diciembre de 2023 firmamos la escritura del terreno sito en Avda Luis Battle Berres 9820. [&hellip;]</p>
